{"id":10567,"date":"2020-10-12T10:50:56","date_gmt":"2020-10-12T09:50:56","guid":{"rendered":"http:\/\/caen-yacht-club.com\/web\/?page_id=10567"},"modified":"2022-06-24T14:17:22","modified_gmt":"2022-06-24T13:17:22","slug":"sortie_autonome","status":"publish","type":"page","link":"https:\/\/caen-yacht-club.com\/web\/sortie_autonome\/","title":{"rendered":"CYC20- Sortie Autonome"},"content":{"rendered":"\n<p><img data-recalc-dims=\"1\" decoding=\"async\" src=\"https:\/\/i0.wp.com\/caen-yacht-club.com\/web\/wp-content\/uploads\/DSC4125-2500.jpg?ssl=1\" alt=\"\" \/><\/p>\n<p>L\u2019utilisation des J80 en autonomie (sans l\u2019encadrement du responsable technique) est soumise \u00e0 des conditions strictes. Elle implique \u00e9galement de se soumettre \u00e0 des r\u00e8gles pr\u00e9cises pour permettre une bonne gestion du parc. Il est donc imp\u00e9ratif de consulter les documents ci-dessous.<\/p>\n<ul>\n<li>Avant toute chose, consultez <a href=\"https:\/\/caen-yacht-club.com\/web\/wp-content\/uploads\/Annexe-procedure-autonomie-1.pdf\">la proc\u00e9dure<\/a>\u00a0 et les <a href=\"https:\/\/caen-yacht-club.com\/web\/wp-content\/uploads\/reglement-autonomie-def-2022.pdf\">r\u00e8gles d\u2019utilisation de J80 en autonomie<\/a> \u00e0 signer et envoyer au secr\u00e9tariat.<\/li>\n<li>La proc\u00e9dure sp\u00e9cifique de <a href=\"https:\/\/caen-yacht-club.com\/web\/wp-content\/uploads\/Preparation-bateaux.pdf\">pr\u00e9paration des bateaux<\/a> pour les sorties en mer<\/li>\n<li><a href=\"https:\/\/caen-yacht-club.com\/web\/wp-content\/uploads\/Inventaire-J80-def.pdf\">L\u2019Inventaire du mat\u00e9riel<\/a> \u00e0 bord des J80 vous indiquera l\u2019\u00e9quipement des bateaux. Compl\u00e9tez \u00e9ventuellement en fonction de votre programme de navigation<\/li>\n<li><a href=\"https:\/\/caen-yacht-club.com\/web\/wp-content\/uploads\/N\u00b0-Utiles-def.pdf\">Les Num\u00e9ros utiles<\/a><\/li>\n<li><a href=\"https:\/\/vjxk6z2tznz.c.updraftclone.com\/web\/wp-content\/uploads\/2019\/04\/fiche-technique-J-80.pdf\">La fiche technique des J80<\/a><\/li>\n<\/ul>\n","protected":false},"excerpt":{"rendered":"<p>L\u2019utilisation des J80 en autonomie (sans l\u2019encadrement du responsable technique) est soumise \u00e0 des conditions strictes. Elle implique \u00e9galement de se soumettre \u00e0 des r\u00e8gles pr\u00e9cises&#8230;<\/p>\n","protected":false},"author":6,"featured_media":0,"parent":0,"menu_order":0,"comment_status":"closed","ping_status":"closed","template":"","meta":{"_exactmetrics_skip_tracking":false,"_exactmetrics_sitenote_active":false,"_exactmetrics_sitenote_note":"","_exactmetrics_sitenote_category":0,"jetpack_post_was_ever_published":false,"footnotes":""},"class_list":["post-10567","page","type-page","status-publish","hentry"],"yoast_head":"<!-- This site is optimized with the Yoast SEO plugin v27.4 - https:\/\/yoast.com\/product\/yoast-seo-wordpress\/ -->\n<title>Sortie autonome<\/title>\n<meta name=\"description\" content=\"L\u2019utilisation de J80 en autonomie (sans l\u2019encadrement du responsable technique) est soumise \u00e0 des conditions strictes.\" \/>\n<meta name=\"robots\" content=\"index, follow, max-snippet:-1, max-image-preview:large, max-video-preview:-1\" \/>\n<link rel=\"canonical\" href=\"https:\/\/caen-yacht-club.com\/web\/sortie_autonome\/\" \/>\n<meta property=\"og:locale\" content=\"fr_FR\" \/>\n<meta property=\"og:type\" content=\"article\" \/>\n<meta property=\"og:title\" content=\"Sortie autonome\" \/>\n<meta property=\"og:description\" content=\"L\u2019utilisation de J80 en autonomie (sans l\u2019encadrement du responsable technique) est soumise \u00e0 des conditions strictes.\" \/>\n<meta property=\"og:url\" content=\"https:\/\/caen-yacht-club.com\/web\/sortie_autonome\/\" \/>\n<meta property=\"og:site_name\" content=\"Caen Yacht Club\" \/>\n<meta property=\"article:modified_time\" content=\"2022-06-24T13:17:22+00:00\" \/>\n<meta property=\"og:image\" content=\"https:\/\/caen-yacht-club.com\/web\/wp-content\/uploads\/DSC4125-2500.jpg\" \/>\n<meta name=\"twitter:card\" content=\"summary_large_image\" \/>\n<meta name=\"twitter:label1\" content=\"Dur\u00e9e de lecture estim\u00e9e\" \/>\n\t<meta name=\"twitter:data1\" content=\"1 minute\" \/>\n<script type=\"application\/ld+json\" class=\"yoast-schema-graph\">{\"@context\":\"https:\\\/\\\/schema.org\",\"@graph\":[{\"@type\":\"WebPage\",\"@id\":\"https:\\\/\\\/caen-yacht-club.com\\\/web\\\/sortie_autonome\\\/\",\"url\":\"https:\\\/\\\/caen-yacht-club.com\\\/web\\\/sortie_autonome\\\/\",\"name\":\"Sortie autonome\",\"isPartOf\":{\"@id\":\"https:\\\/\\\/caen-yacht-club.com\\\/web\\\/#website\"},\"primaryImageOfPage\":{\"@id\":\"https:\\\/\\\/caen-yacht-club.com\\\/web\\\/sortie_autonome\\\/#primaryimage\"},\"image\":{\"@id\":\"https:\\\/\\\/caen-yacht-club.com\\\/web\\\/sortie_autonome\\\/#primaryimage\"},\"thumbnailUrl\":\"https:\\\/\\\/caen-yacht-club.com\\\/web\\\/wp-content\\\/uploads\\\/DSC4125-2500.jpg\",\"datePublished\":\"2020-10-12T09:50:56+00:00\",\"dateModified\":\"2022-06-24T13:17:22+00:00\",\"description\":\"L\u2019utilisation de J80 en autonomie (sans l\u2019encadrement du responsable technique) est soumise \u00e0 des conditions strictes.\",\"breadcrumb\":{\"@id\":\"https:\\\/\\\/caen-yacht-club.com\\\/web\\\/sortie_autonome\\\/#breadcrumb\"},\"inLanguage\":\"fr-FR\",\"potentialAction\":[{\"@type\":\"ReadAction\",\"target\":[\"https:\\\/\\\/caen-yacht-club.com\\\/web\\\/sortie_autonome\\\/\"]}]},{\"@type\":\"ImageObject\",\"inLanguage\":\"fr-FR\",\"@id\":\"https:\\\/\\\/caen-yacht-club.com\\\/web\\\/sortie_autonome\\\/#primaryimage\",\"url\":\"https:\\\/\\\/i0.wp.com\\\/caen-yacht-club.com\\\/web\\\/wp-content\\\/uploads\\\/DSC4125-2500.jpg?fit=2500%2C1636&ssl=1\",\"contentUrl\":\"https:\\\/\\\/i0.wp.com\\\/caen-yacht-club.com\\\/web\\\/wp-content\\\/uploads\\\/DSC4125-2500.jpg?fit=2500%2C1636&ssl=1\",\"width\":2500,\"height\":1636},{\"@type\":\"BreadcrumbList\",\"@id\":\"https:\\\/\\\/caen-yacht-club.com\\\/web\\\/sortie_autonome\\\/#breadcrumb\",\"itemListElement\":[{\"@type\":\"ListItem\",\"position\":1,\"name\":\"Accueil\",\"item\":\"https:\\\/\\\/caen-yacht-club.com\\\/web\\\/\"},{\"@type\":\"ListItem\",\"position\":2,\"name\":\"CYC20- Sortie Autonome\"}]},{\"@type\":\"WebSite\",\"@id\":\"https:\\\/\\\/caen-yacht-club.com\\\/web\\\/#website\",\"url\":\"https:\\\/\\\/caen-yacht-club.com\\\/web\\\/\",\"name\":\"Caen Yacht Club\",\"description\":\"Naviguez en ville\",\"publisher\":{\"@id\":\"https:\\\/\\\/caen-yacht-club.com\\\/web\\\/#organization\"},\"potentialAction\":[{\"@type\":\"SearchAction\",\"target\":{\"@type\":\"EntryPoint\",\"urlTemplate\":\"https:\\\/\\\/caen-yacht-club.com\\\/web\\\/?s={search_term_string}\"},\"query-input\":{\"@type\":\"PropertyValueSpecification\",\"valueRequired\":true,\"valueName\":\"search_term_string\"}}],\"inLanguage\":\"fr-FR\"},{\"@type\":\"Organization\",\"@id\":\"https:\\\/\\\/caen-yacht-club.com\\\/web\\\/#organization\",\"name\":\"Caen Yacht Club\",\"url\":\"https:\\\/\\\/caen-yacht-club.com\\\/web\\\/\",\"logo\":{\"@type\":\"ImageObject\",\"inLanguage\":\"fr-FR\",\"@id\":\"https:\\\/\\\/caen-yacht-club.com\\\/web\\\/#\\\/schema\\\/logo\\\/image\\\/\",\"url\":\"https:\\\/\\\/i0.wp.com\\\/caen-yacht-club.com\\\/web\\\/wp-content\\\/uploads\\\/2020\\\/03\\\/Logo_CYC_20170104-e1585662025871.png?fit=500%2C472&ssl=1\",\"contentUrl\":\"https:\\\/\\\/i0.wp.com\\\/caen-yacht-club.com\\\/web\\\/wp-content\\\/uploads\\\/2020\\\/03\\\/Logo_CYC_20170104-e1585662025871.png?fit=500%2C472&ssl=1\",\"width\":500,\"height\":472,\"caption\":\"Caen Yacht Club\"},\"image\":{\"@id\":\"https:\\\/\\\/caen-yacht-club.com\\\/web\\\/#\\\/schema\\\/logo\\\/image\\\/\"}}]}<\/script>\n<!-- \/ Yoast SEO plugin. -->","yoast_head_json":{"title":"Sortie autonome","description":"L\u2019utilisation de J80 en autonomie (sans l\u2019encadrement du responsable technique) est soumise \u00e0 des conditions strictes.","robots":{"index":"index","follow":"follow","max-snippet":"max-snippet:-1","max-image-preview":"max-image-preview:large","max-video-preview":"max-video-preview:-1"},"canonical":"https:\/\/caen-yacht-club.com\/web\/sortie_autonome\/","og_locale":"fr_FR","og_type":"article","og_title":"Sortie autonome","og_description":"L\u2019utilisation de J80 en autonomie (sans l\u2019encadrement du responsable technique) est soumise \u00e0 des conditions strictes.","og_url":"https:\/\/caen-yacht-club.com\/web\/sortie_autonome\/","og_site_name":"Caen Yacht Club","article_modified_time":"2022-06-24T13:17:22+00:00","og_image":[{"url":"https:\/\/caen-yacht-club.com\/web\/wp-content\/uploads\/DSC4125-2500.jpg","type":"","width":"","height":""}],"twitter_card":"summary_large_image","twitter_misc":{"Dur\u00e9e de lecture estim\u00e9e":"1 minute"},"schema":{"@context":"https:\/\/schema.org","@graph":[{"@type":"WebPage","@id":"https:\/\/caen-yacht-club.com\/web\/sortie_autonome\/","url":"https:\/\/caen-yacht-club.com\/web\/sortie_autonome\/","name":"Sortie autonome","isPartOf":{"@id":"https:\/\/caen-yacht-club.com\/web\/#website"},"primaryImageOfPage":{"@id":"https:\/\/caen-yacht-club.com\/web\/sortie_autonome\/#primaryimage"},"image":{"@id":"https:\/\/caen-yacht-club.com\/web\/sortie_autonome\/#primaryimage"},"thumbnailUrl":"https:\/\/caen-yacht-club.com\/web\/wp-content\/uploads\/DSC4125-2500.jpg","datePublished":"2020-10-12T09:50:56+00:00","dateModified":"2022-06-24T13:17:22+00:00","description":"L\u2019utilisation de J80 en autonomie (sans l\u2019encadrement du responsable technique) est soumise \u00e0 des conditions strictes.","breadcrumb":{"@id":"https:\/\/caen-yacht-club.com\/web\/sortie_autonome\/#breadcrumb"},"inLanguage":"fr-FR","potentialAction":[{"@type":"ReadAction","target":["https:\/\/caen-yacht-club.com\/web\/sortie_autonome\/"]}]},{"@type":"ImageObject","inLanguage":"fr-FR","@id":"https:\/\/caen-yacht-club.com\/web\/sortie_autonome\/#primaryimage","url":"https:\/\/i0.wp.com\/caen-yacht-club.com\/web\/wp-content\/uploads\/DSC4125-2500.jpg?fit=2500%2C1636&ssl=1","contentUrl":"https:\/\/i0.wp.com\/caen-yacht-club.com\/web\/wp-content\/uploads\/DSC4125-2500.jpg?fit=2500%2C1636&ssl=1","width":2500,"height":1636},{"@type":"BreadcrumbList","@id":"https:\/\/caen-yacht-club.com\/web\/sortie_autonome\/#breadcrumb","itemListElement":[{"@type":"ListItem","position":1,"name":"Accueil","item":"https:\/\/caen-yacht-club.com\/web\/"},{"@type":"ListItem","position":2,"name":"CYC20- Sortie Autonome"}]},{"@type":"WebSite","@id":"https:\/\/caen-yacht-club.com\/web\/#website","url":"https:\/\/caen-yacht-club.com\/web\/","name":"Caen Yacht Club","description":"Naviguez en ville","publisher":{"@id":"https:\/\/caen-yacht-club.com\/web\/#organization"},"potentialAction":[{"@type":"SearchAction","target":{"@type":"EntryPoint","urlTemplate":"https:\/\/caen-yacht-club.com\/web\/?s={search_term_string}"},"query-input":{"@type":"PropertyValueSpecification","valueRequired":true,"valueName":"search_term_string"}}],"inLanguage":"fr-FR"},{"@type":"Organization","@id":"https:\/\/caen-yacht-club.com\/web\/#organization","name":"Caen Yacht Club","url":"https:\/\/caen-yacht-club.com\/web\/","logo":{"@type":"ImageObject","inLanguage":"fr-FR","@id":"https:\/\/caen-yacht-club.com\/web\/#\/schema\/logo\/image\/","url":"https:\/\/i0.wp.com\/caen-yacht-club.com\/web\/wp-content\/uploads\/2020\/03\/Logo_CYC_20170104-e1585662025871.png?fit=500%2C472&ssl=1","contentUrl":"https:\/\/i0.wp.com\/caen-yacht-club.com\/web\/wp-content\/uploads\/2020\/03\/Logo_CYC_20170104-e1585662025871.png?fit=500%2C472&ssl=1","width":500,"height":472,"caption":"Caen Yacht Club"},"image":{"@id":"https:\/\/caen-yacht-club.com\/web\/#\/schema\/logo\/image\/"}}]}},"jetpack_sharing_enabled":true,"jetpack_shortlink":"https:\/\/wp.me\/P7ppuD-2Kr","jetpack-related-posts":[{"id":9143,"url":"https:\/\/caen-yacht-club.com\/web\/projet-du-caen-yacht-club\/","url_meta":{"origin":10567,"position":0},"title":"CYC20_pr\u00e9sentation","author":"Emmanuel LECONTE","date":"8 avril 2020","format":false,"excerpt":"8e Rallye Croisi\u00e8re du Calvados organis\u00e9 par le Caen Yacht Club Actualit\u00e9, Croisi\u00e8re, Vie du club Calendrier pr\u00e9visionnel des r\u00e9gates 2020 Actualit\u00e9, Ecole J80, R\u00e9gate La gazette des r\u00e9gates n\u00b05 Actualit\u00e9, Ecole J80, R\u00e9gate, Vie du club La gazette des r\u00e9gates Actualit\u00e9 Covid 19 \u2013 Mot du Pr\u00e9sident du Caen\u2026","rel":"","context":"Article similaire","block_context":{"text":"Article similaire","link":""},"img":{"alt_text":"","src":"https:\/\/i0.wp.com\/caen-yacht-club.com\/web\/wp-content\/uploads\/14C7CCF7-9F49-44DE-AB90-A742B45DCDFB-660x420.jpeg?resize=350%2C200&ssl=1","width":350,"height":200,"srcset":"https:\/\/i0.wp.com\/caen-yacht-club.com\/web\/wp-content\/uploads\/14C7CCF7-9F49-44DE-AB90-A742B45DCDFB-660x420.jpeg?resize=350%2C200&ssl=1 1x, https:\/\/i0.wp.com\/caen-yacht-club.com\/web\/wp-content\/uploads\/14C7CCF7-9F49-44DE-AB90-A742B45DCDFB-660x420.jpeg?resize=525%2C300&ssl=1 1.5x"},"classes":[]},{"id":164,"url":"https:\/\/caen-yacht-club.com\/web\/competition\/","url_meta":{"origin":10567,"position":1},"title":"CYC20_R\u00e9gate Comp\u00e9tition","author":"","date":"24 mars 2016","format":false,"excerpt":"Le Caen Yacht Club est labellis\u00e9 Ecole de Comp\u00e9tition par la F\u00e9d\u00e9ration Fran\u00e7aise de voile Vous disposez d\u00e9j\u00e0 d'une exp\u00e9rience et vous souhaitez passer au niveau sup\u00e9rieur en participant \u00e0 des r\u00e9gates. Nous vous proposons de vous entra\u00eener lors de cr\u00e9neaux sp\u00e9cifiques, afin de ma\u00eetriser les diff\u00e9rents postes et man\u0153uvres.\u2026","rel":"","context":"Article similaire","block_context":{"text":"Article similaire","link":""},"img":{"alt_text":"","src":"","width":0,"height":0},"classes":[]},{"id":10570,"url":"https:\/\/caen-yacht-club.com\/web\/cyc20_scolaires-etudiants\/","url_meta":{"origin":10567,"position":2},"title":"CYC20_Scolaires-Etudiants","author":"Emmanuel LECONTE","date":"12 octobre 2020","format":false,"excerpt":"Vous repr\u00e9sentez un coll\u00e8ge, un lyc\u00e9e, une association \u00e9tudiante et\u00a0souhaitez \u00a0apprendre, vous perfectionner ou vous pr\u00e9parer \u00e0 une course \u00e0 la voile sur un voilier habitable sportif. Nous vous proposons de naviguer une \u00e0 plusieurs fois par semaines afin d\u2019appr\u00e9hender les diff\u00e9rents postes, de fa\u00e7on autonome ou encadr\u00e9s par un\u2026","rel":"","context":"Article similaire","block_context":{"text":"Article similaire","link":""},"img":{"alt_text":"","src":"https:\/\/i0.wp.com\/vjxk6z2tznz.c.updraftclone.com\/web\/wp-content\/uploads\/2017\/05\/EFVoile-150x150.png?resize=350%2C200&ssl=1","width":350,"height":200},"classes":[]},{"id":16,"url":"https:\/\/caen-yacht-club.com\/web\/ecole-de-voile\/","url_meta":{"origin":10567,"position":3},"title":"CYC20_ecole de voile","author":"","date":"7 mars 2016","format":false,"excerpt":"NAVIGUEZ EN VILLE\u00a0! L\u2019\u00e9cole de voile du Caen Yacht Club dispose de 6 voiliers J80 pour naviguer sur les plans d\u2019eau caennais. Le J80, id\u00e9al pour d\u00e9buter comme pour performer est un quillard de sport de 8 m permettant la navigation jusqu\u2019\u00e0 5 personnes. Vous \u00eates int\u00e9ress\u00e9 pour naviguer r\u00e9guli\u00e8rement,\u2026","rel":"","context":"Article similaire","block_context":{"text":"Article similaire","link":""},"img":{"alt_text":"","src":"https:\/\/i0.wp.com\/caen-yacht-club.com\/web\/wp-content\/uploads\/4-bateaux.jpg?fit=1200%2C675&ssl=1&resize=350%2C200","width":350,"height":200,"srcset":"https:\/\/i0.wp.com\/caen-yacht-club.com\/web\/wp-content\/uploads\/4-bateaux.jpg?fit=1200%2C675&ssl=1&resize=350%2C200 1x, https:\/\/i0.wp.com\/caen-yacht-club.com\/web\/wp-content\/uploads\/4-bateaux.jpg?fit=1200%2C675&ssl=1&resize=525%2C300 1.5x, https:\/\/i0.wp.com\/caen-yacht-club.com\/web\/wp-content\/uploads\/4-bateaux.jpg?fit=1200%2C675&ssl=1&resize=700%2C400 2x, https:\/\/i0.wp.com\/caen-yacht-club.com\/web\/wp-content\/uploads\/4-bateaux.jpg?fit=1200%2C675&ssl=1&resize=1050%2C600 3x"},"classes":[]},{"id":3193,"url":"https:\/\/caen-yacht-club.com\/web\/radiocommandes\/","url_meta":{"origin":10567,"position":4},"title":"CYC20_Radiocommand\u00e9s","author":"","date":"20 d\u00e9cembre 2018","format":false,"excerpt":"Laser RC Le Laser RC est un bateau radiocommand\u00e9 qui se pilote en restant \u00e0 quai. Cette discipline est li\u00e9e \u00e0 la F\u00e9d\u00e9ration Fran\u00e7aise de Voile, des r\u00e9gates sont r\u00e9guli\u00e8rement organis\u00e9es et un championnat de France a lieu tous les ans. \u00ab\u00a0Ces voiliers, pilot\u00e9s \u00e0 distance, sont les plus petits\u2026","rel":"","context":"Article similaire","block_context":{"text":"Article similaire","link":""},"img":{"alt_text":"","src":"https:\/\/i0.wp.com\/caen-yacht-club.com\/web\/wp-content\/uploads\/Voile-RC.jpg?fit=512%2C640&ssl=1&resize=350%2C200","width":350,"height":200},"classes":[]},{"id":10572,"url":"https:\/\/caen-yacht-club.com\/web\/comite_entreprises\/","url_meta":{"origin":10567,"position":5},"title":"CYC20_CE-Entreprises","author":"Emmanuel LECONTE","date":"12 octobre 2020","format":false,"excerpt":"Vous repr\u00e9sentez une entreprise, une association sportive d\u2019entreprise, un comit\u00e9 d\u2019entreprise et\u00a0souhaitez \u00a0apprendre, vous perfectionner ou vous pr\u00e9parer \u00e0 une course \u00e0 la voile sur un voilier habitable sportif.Nous vous proposons de naviguer sur nos bateaux afin d\u2019appr\u00e9hender les diff\u00e9rents postes \u00e0 bord d\u2019un J80, de fa\u00e7on autonome ou encadr\u00e9s\u2026","rel":"","context":"Article similaire","block_context":{"text":"Article similaire","link":""},"img":{"alt_text":"","src":"https:\/\/i0.wp.com\/vjxk6z2tznz.c.updraftclone.com\/web\/wp-content\/uploads\/2016\/03\/Entreprise.jpg?resize=350%2C200&ssl=1","width":350,"height":200,"srcset":"https:\/\/i0.wp.com\/vjxk6z2tznz.c.updraftclone.com\/web\/wp-content\/uploads\/2016\/03\/Entreprise.jpg?resize=350%2C200&ssl=1 1x, https:\/\/i0.wp.com\/vjxk6z2tznz.c.updraftclone.com\/web\/wp-content\/uploads\/2016\/03\/Entreprise.jpg?resize=525%2C300&ssl=1 1.5x, https:\/\/i0.wp.com\/vjxk6z2tznz.c.updraftclone.com\/web\/wp-content\/uploads\/2016\/03\/Entreprise.jpg?resize=700%2C400&ssl=1 2x"},"classes":[]}],"_links":{"self":[{"href":"https:\/\/caen-yacht-club.com\/web\/wp-json\/wp\/v2\/pages\/10567","targetHints":{"allow":["GET"]}}],"collection":[{"href":"https:\/\/caen-yacht-club.com\/web\/wp-json\/wp\/v2\/pages"}],"about":[{"href":"https:\/\/caen-yacht-club.com\/web\/wp-json\/wp\/v2\/types\/page"}],"author":[{"embeddable":true,"href":"https:\/\/caen-yacht-club.com\/web\/wp-json\/wp\/v2\/users\/6"}],"replies":[{"embeddable":true,"href":"https:\/\/caen-yacht-club.com\/web\/wp-json\/wp\/v2\/comments?post=10567"}],"version-history":[{"count":5,"href":"https:\/\/caen-yacht-club.com\/web\/wp-json\/wp\/v2\/pages\/10567\/revisions"}],"predecessor-version":[{"id":11939,"href":"https:\/\/caen-yacht-club.com\/web\/wp-json\/wp\/v2\/pages\/10567\/revisions\/11939"}],"wp:attachment":[{"href":"https:\/\/caen-yacht-club.com\/web\/wp-json\/wp\/v2\/media?parent=10567"}],"curies":[{"name":"wp","href":"https:\/\/api.w.org\/{rel}","templated":true}]}}