{"id":12474,"date":"2023-02-17T15:19:48","date_gmt":"2023-02-17T14:19:48","guid":{"rendered":"https:\/\/caen-yacht-club.com\/web\/?page_id=12474"},"modified":"2024-12-03T16:38:58","modified_gmt":"2024-12-03T15:38:58","slug":"retrouvez-les-infolettres","status":"publish","type":"page","link":"https:\/\/caen-yacht-club.com\/web\/retrouvez-les-infolettres\/","title":{"rendered":"Retrouvez les infolettres"},"content":{"rendered":"\n<h1><strong>Retrouvez toutes les infolettres mensuelles<br \/><\/strong><\/h1>\n<p><a href=\"https:\/\/caen-yacht-club.com\/web\/wp-content\/uploads\/Octobre-2024.pdf\">Octobre 2024<\/a><\/p>\n<p><a href=\"https:\/\/caen-yacht-club.com\/web\/wp-content\/uploads\/Infolettre-septembre-2024.pdf\">Septembre 2024<\/a><\/p>\n<p><a href=\"https:\/\/caen-yacht-club.com\/web\/wp-content\/uploads\/Infolettre-ete-2024.pdf\">Et\u00e9 2024<\/a><\/p>\n\n\n\n<p><a href=\"https:\/\/caen-yacht-club.com\/web\/wp-content\/uploads\/Infolettre-Juin-2024.pdf\">Juin 2024<\/a> <\/p>\n\n\n\n<p><a href=\"https:\/\/caen-yacht-club.com\/web\/wp-content\/uploads\/Mai-2024.pdf\">Mai 2024<\/a><\/p>\n\n\n\n<p><a href=\"https:\/\/caen-yacht-club.com\/web\/wp-content\/uploads\/Avril-2024.pdf\">Avril 2024<\/a><\/p>\n\n\n\n<p><a href=\"https:\/\/caen-yacht-club.com\/web\/wp-content\/uploads\/Infolettre-mars-2024-1.pdf\">Mars 2024<\/a><\/p>\n\n\n\n<p><a href=\"https:\/\/caen-yacht-club.com\/web\/wp-content\/uploads\/Infolettre-fevrier-2024.pdf\">F\u00e9vrier 2024<\/a><\/p>\n\n\n\n<p><a href=\"https:\/\/caen-yacht-club.com\/web\/wp-content\/uploads\/Infolettre-janvier-2024.pdf\">Janvier 2024<\/a><\/p>\n\n\n\n<p><\/p>\n","protected":false},"excerpt":{"rendered":"<p>Retrouvez toutes les infolettres mensuelles Octobre 2024 Septembre 2024 Et\u00e9 2024 Juin 2024 Mai 2024 Avril 2024 Mars 2024 F\u00e9vrier 2024 Janvier 2024<\/p>\n","protected":false},"author":301,"featured_media":12343,"parent":0,"menu_order":0,"comment_status":"closed","ping_status":"closed","template":"","meta":{"_exactmetrics_skip_tracking":false,"_exactmetrics_sitenote_active":false,"_exactmetrics_sitenote_note":"","_exactmetrics_sitenote_category":0,"jetpack_post_was_ever_published":false,"footnotes":""},"class_list":["post-12474","page","type-page","status-publish","has-post-thumbnail","hentry"],"yoast_head":"<!-- This site is optimized with the Yoast SEO plugin v27.4 - https:\/\/yoast.com\/product\/yoast-seo-wordpress\/ -->\n<title>Caen Yacht Club<\/title>\n<meta name=\"robots\" content=\"index, follow, max-snippet:-1, max-image-preview:large, max-video-preview:-1\" \/>\n<link rel=\"canonical\" href=\"https:\/\/caen-yacht-club.com\/web\/retrouvez-les-infolettres\/\" \/>\n<meta property=\"og:locale\" content=\"fr_FR\" \/>\n<meta property=\"og:type\" content=\"article\" \/>\n<meta property=\"og:title\" content=\"Caen Yacht Club\" \/>\n<meta property=\"og:description\" content=\"Retrouvez toutes les infolettres mensuelles Octobre 2024 Septembre 2024 Et\u00e9 2024 Juin 2024 Mai 2024 Avril 2024 Mars 2024 F\u00e9vrier 2024 Janvier 2024\" \/>\n<meta property=\"og:url\" content=\"https:\/\/caen-yacht-club.com\/web\/retrouvez-les-infolettres\/\" \/>\n<meta property=\"og:site_name\" content=\"Caen Yacht Club\" \/>\n<meta property=\"article:modified_time\" content=\"2024-12-03T15:38:58+00:00\" \/>\n<meta property=\"og:image\" content=\"https:\/\/caen-yacht-club.com\/web\/wp-content\/uploads\/CYC2023.jpg\" \/>\n\t<meta property=\"og:image:width\" content=\"890\" \/>\n\t<meta property=\"og:image:height\" content=\"325\" \/>\n\t<meta property=\"og:image:type\" content=\"image\/jpeg\" \/>\n<meta name=\"twitter:card\" content=\"summary_large_image\" \/>\n<meta name=\"twitter:label1\" content=\"Dur\u00e9e de lecture estim\u00e9e\" \/>\n\t<meta name=\"twitter:data1\" content=\"1 minute\" \/>\n<script type=\"application\/ld+json\" class=\"yoast-schema-graph\">{\"@context\":\"https:\\\/\\\/schema.org\",\"@graph\":[{\"@type\":\"WebPage\",\"@id\":\"https:\\\/\\\/caen-yacht-club.com\\\/web\\\/retrouvez-les-infolettres\\\/\",\"url\":\"https:\\\/\\\/caen-yacht-club.com\\\/web\\\/retrouvez-les-infolettres\\\/\",\"name\":\"Caen Yacht Club\",\"isPartOf\":{\"@id\":\"https:\\\/\\\/caen-yacht-club.com\\\/web\\\/#website\"},\"primaryImageOfPage\":{\"@id\":\"https:\\\/\\\/caen-yacht-club.com\\\/web\\\/retrouvez-les-infolettres\\\/#primaryimage\"},\"image\":{\"@id\":\"https:\\\/\\\/caen-yacht-club.com\\\/web\\\/retrouvez-les-infolettres\\\/#primaryimage\"},\"thumbnailUrl\":\"https:\\\/\\\/i0.wp.com\\\/caen-yacht-club.com\\\/web\\\/wp-content\\\/uploads\\\/CYC2023.jpg?fit=890%2C325&ssl=1\",\"datePublished\":\"2023-02-17T14:19:48+00:00\",\"dateModified\":\"2024-12-03T15:38:58+00:00\",\"breadcrumb\":{\"@id\":\"https:\\\/\\\/caen-yacht-club.com\\\/web\\\/retrouvez-les-infolettres\\\/#breadcrumb\"},\"inLanguage\":\"fr-FR\",\"potentialAction\":[{\"@type\":\"ReadAction\",\"target\":[\"https:\\\/\\\/caen-yacht-club.com\\\/web\\\/retrouvez-les-infolettres\\\/\"]}]},{\"@type\":\"ImageObject\",\"inLanguage\":\"fr-FR\",\"@id\":\"https:\\\/\\\/caen-yacht-club.com\\\/web\\\/retrouvez-les-infolettres\\\/#primaryimage\",\"url\":\"https:\\\/\\\/i0.wp.com\\\/caen-yacht-club.com\\\/web\\\/wp-content\\\/uploads\\\/CYC2023.jpg?fit=890%2C325&ssl=1\",\"contentUrl\":\"https:\\\/\\\/i0.wp.com\\\/caen-yacht-club.com\\\/web\\\/wp-content\\\/uploads\\\/CYC2023.jpg?fit=890%2C325&ssl=1\",\"width\":890,\"height\":325},{\"@type\":\"BreadcrumbList\",\"@id\":\"https:\\\/\\\/caen-yacht-club.com\\\/web\\\/retrouvez-les-infolettres\\\/#breadcrumb\",\"itemListElement\":[{\"@type\":\"ListItem\",\"position\":1,\"name\":\"Accueil\",\"item\":\"https:\\\/\\\/caen-yacht-club.com\\\/web\\\/\"},{\"@type\":\"ListItem\",\"position\":2,\"name\":\"Retrouvez les infolettres\"}]},{\"@type\":\"WebSite\",\"@id\":\"https:\\\/\\\/caen-yacht-club.com\\\/web\\\/#website\",\"url\":\"https:\\\/\\\/caen-yacht-club.com\\\/web\\\/\",\"name\":\"Caen Yacht Club\",\"description\":\"Naviguez en ville\",\"publisher\":{\"@id\":\"https:\\\/\\\/caen-yacht-club.com\\\/web\\\/#organization\"},\"potentialAction\":[{\"@type\":\"SearchAction\",\"target\":{\"@type\":\"EntryPoint\",\"urlTemplate\":\"https:\\\/\\\/caen-yacht-club.com\\\/web\\\/?s={search_term_string}\"},\"query-input\":{\"@type\":\"PropertyValueSpecification\",\"valueRequired\":true,\"valueName\":\"search_term_string\"}}],\"inLanguage\":\"fr-FR\"},{\"@type\":\"Organization\",\"@id\":\"https:\\\/\\\/caen-yacht-club.com\\\/web\\\/#organization\",\"name\":\"Caen Yacht Club\",\"url\":\"https:\\\/\\\/caen-yacht-club.com\\\/web\\\/\",\"logo\":{\"@type\":\"ImageObject\",\"inLanguage\":\"fr-FR\",\"@id\":\"https:\\\/\\\/caen-yacht-club.com\\\/web\\\/#\\\/schema\\\/logo\\\/image\\\/\",\"url\":\"https:\\\/\\\/i0.wp.com\\\/caen-yacht-club.com\\\/web\\\/wp-content\\\/uploads\\\/2020\\\/03\\\/Logo_CYC_20170104-e1585662025871.png?fit=500%2C472&ssl=1\",\"contentUrl\":\"https:\\\/\\\/i0.wp.com\\\/caen-yacht-club.com\\\/web\\\/wp-content\\\/uploads\\\/2020\\\/03\\\/Logo_CYC_20170104-e1585662025871.png?fit=500%2C472&ssl=1\",\"width\":500,\"height\":472,\"caption\":\"Caen Yacht Club\"},\"image\":{\"@id\":\"https:\\\/\\\/caen-yacht-club.com\\\/web\\\/#\\\/schema\\\/logo\\\/image\\\/\"}}]}<\/script>\n<!-- \/ Yoast SEO plugin. -->","yoast_head_json":{"title":"Caen Yacht Club","robots":{"index":"index","follow":"follow","max-snippet":"max-snippet:-1","max-image-preview":"max-image-preview:large","max-video-preview":"max-video-preview:-1"},"canonical":"https:\/\/caen-yacht-club.com\/web\/retrouvez-les-infolettres\/","og_locale":"fr_FR","og_type":"article","og_title":"Caen Yacht Club","og_description":"Retrouvez toutes les infolettres mensuelles Octobre 2024 Septembre 2024 Et\u00e9 2024 Juin 2024 Mai 2024 Avril 2024 Mars 2024 F\u00e9vrier 2024 Janvier 2024","og_url":"https:\/\/caen-yacht-club.com\/web\/retrouvez-les-infolettres\/","og_site_name":"Caen Yacht Club","article_modified_time":"2024-12-03T15:38:58+00:00","og_image":[{"width":890,"height":325,"url":"https:\/\/caen-yacht-club.com\/web\/wp-content\/uploads\/CYC2023.jpg","type":"image\/jpeg"}],"twitter_card":"summary_large_image","twitter_misc":{"Dur\u00e9e de lecture estim\u00e9e":"1 minute"},"schema":{"@context":"https:\/\/schema.org","@graph":[{"@type":"WebPage","@id":"https:\/\/caen-yacht-club.com\/web\/retrouvez-les-infolettres\/","url":"https:\/\/caen-yacht-club.com\/web\/retrouvez-les-infolettres\/","name":"Caen Yacht Club","isPartOf":{"@id":"https:\/\/caen-yacht-club.com\/web\/#website"},"primaryImageOfPage":{"@id":"https:\/\/caen-yacht-club.com\/web\/retrouvez-les-infolettres\/#primaryimage"},"image":{"@id":"https:\/\/caen-yacht-club.com\/web\/retrouvez-les-infolettres\/#primaryimage"},"thumbnailUrl":"https:\/\/i0.wp.com\/caen-yacht-club.com\/web\/wp-content\/uploads\/CYC2023.jpg?fit=890%2C325&ssl=1","datePublished":"2023-02-17T14:19:48+00:00","dateModified":"2024-12-03T15:38:58+00:00","breadcrumb":{"@id":"https:\/\/caen-yacht-club.com\/web\/retrouvez-les-infolettres\/#breadcrumb"},"inLanguage":"fr-FR","potentialAction":[{"@type":"ReadAction","target":["https:\/\/caen-yacht-club.com\/web\/retrouvez-les-infolettres\/"]}]},{"@type":"ImageObject","inLanguage":"fr-FR","@id":"https:\/\/caen-yacht-club.com\/web\/retrouvez-les-infolettres\/#primaryimage","url":"https:\/\/i0.wp.com\/caen-yacht-club.com\/web\/wp-content\/uploads\/CYC2023.jpg?fit=890%2C325&ssl=1","contentUrl":"https:\/\/i0.wp.com\/caen-yacht-club.com\/web\/wp-content\/uploads\/CYC2023.jpg?fit=890%2C325&ssl=1","width":890,"height":325},{"@type":"BreadcrumbList","@id":"https:\/\/caen-yacht-club.com\/web\/retrouvez-les-infolettres\/#breadcrumb","itemListElement":[{"@type":"ListItem","position":1,"name":"Accueil","item":"https:\/\/caen-yacht-club.com\/web\/"},{"@type":"ListItem","position":2,"name":"Retrouvez les infolettres"}]},{"@type":"WebSite","@id":"https:\/\/caen-yacht-club.com\/web\/#website","url":"https:\/\/caen-yacht-club.com\/web\/","name":"Caen Yacht Club","description":"Naviguez en ville","publisher":{"@id":"https:\/\/caen-yacht-club.com\/web\/#organization"},"potentialAction":[{"@type":"SearchAction","target":{"@type":"EntryPoint","urlTemplate":"https:\/\/caen-yacht-club.com\/web\/?s={search_term_string}"},"query-input":{"@type":"PropertyValueSpecification","valueRequired":true,"valueName":"search_term_string"}}],"inLanguage":"fr-FR"},{"@type":"Organization","@id":"https:\/\/caen-yacht-club.com\/web\/#organization","name":"Caen Yacht Club","url":"https:\/\/caen-yacht-club.com\/web\/","logo":{"@type":"ImageObject","inLanguage":"fr-FR","@id":"https:\/\/caen-yacht-club.com\/web\/#\/schema\/logo\/image\/","url":"https:\/\/i0.wp.com\/caen-yacht-club.com\/web\/wp-content\/uploads\/2020\/03\/Logo_CYC_20170104-e1585662025871.png?fit=500%2C472&ssl=1","contentUrl":"https:\/\/i0.wp.com\/caen-yacht-club.com\/web\/wp-content\/uploads\/2020\/03\/Logo_CYC_20170104-e1585662025871.png?fit=500%2C472&ssl=1","width":500,"height":472,"caption":"Caen Yacht Club"},"image":{"@id":"https:\/\/caen-yacht-club.com\/web\/#\/schema\/logo\/image\/"}}]}},"jetpack_sharing_enabled":true,"jetpack_shortlink":"https:\/\/wp.me\/P7ppuD-3fc","jetpack-related-posts":[{"id":13462,"url":"https:\/\/caen-yacht-club.com\/web\/infolettres-2023\/","url_meta":{"origin":12474,"position":0},"title":"Infolettres 2023","author":"Anne CHIVOT","date":"27 f\u00e9vrier 2024","format":false,"excerpt":"","rel":"","context":"Article similaire","block_context":{"text":"Article similaire","link":""},"img":{"alt_text":"","src":"","width":0,"height":0},"classes":[]},{"id":28,"url":"https:\/\/caen-yacht-club.com\/web\/cafe_maritime\/","url_meta":{"origin":12474,"position":1},"title":"CYC20_Caf\u00e9 maritime","author":"","date":"7 mars 2016","format":false,"excerpt":"Une fois par mois Le Caen Yacht Club ouvre ses portes pour accueillir un Caf\u00e9 Maritime (type caf\u00e9 litt\u00e9raire) avec pour objectif : d\u2019informer ses membres et plus largement le public int\u00e9ress\u00e9 par la vie maritime, les marins, la culture et l\u2019\u00e9conomie maritime normande et d'ailleurs,\u00a0 de faire \u00e9merger une\u2026","rel":"","context":"Article similaire","block_context":{"text":"Article similaire","link":""},"img":{"alt_text":"","src":"","width":0,"height":0},"classes":[]},{"id":9049,"url":"https:\/\/caen-yacht-club.com\/web\/calendrier-des-evenements\/","url_meta":{"origin":12474,"position":2},"title":"CYC20_Calendrier des \u00e9v\u00e8nements","author":"Emmanuel LECONTE","date":"6 avril 2020","format":false,"excerpt":"Calendrier des \u00e9v\u00e8nements du CYC Calendrier Liste Changer de moisMois courant janvierf\u00e9vriermarsavrilmaijuinjuilletao\u00fbtseptembreoctobrenovembred\u00e9cembre 20182019202020212022 mai, 2020 Type d'\u00e9v\u00e8nement TousChoraleConf\u00e9renceCours de manoeuvresCours de voileCours th\u00e9oriqueEntrainement autonomeEv\u00e8nement festifR\u00e9gates\/Comp\u00e9titionsR\u00e9unionSortie autonome Mois courant mai, 2020 Type d'\u00e9v\u00e8nement TousChoraleConf\u00e9renceCours de manoeuvresCours de voileCours th\u00e9oriqueEntrainement autonomeEv\u00e8nement festifR\u00e9gates\/Comp\u00e9titionsR\u00e9unionSortie autonome Calendrier Liste Mois courant mai, 2020 Type d'\u00e9v\u00e8nement TousChoraleConf\u00e9renceCours\u2026","rel":"","context":"Article similaire","block_context":{"text":"Article similaire","link":""},"img":{"alt_text":"","src":"","width":0,"height":0},"classes":[]},{"id":33,"url":"https:\/\/caen-yacht-club.com\/web\/rallyes\/","url_meta":{"origin":12474,"position":3},"title":"CYC20_Rallyes","author":"","date":"7 mars 2016","format":false,"excerpt":"Venez nous rejoindre et passer un moment convivial, en mer et \u00e0 terre \u00e0 l\u2019occasion duRallye Croisi\u00e8re du Calvados (RCC)organis\u00e9 tous les ans par le Caen Yacht Club\u00a0! L\u2019objectif du rallye est de faire d\u00e9couvrir aux \u00e9quipages de tous types de bateaux, de tous clubs, les atouts nautiques et culturels\u2026","rel":"","context":"Article similaire","block_context":{"text":"Article similaire","link":""},"img":{"alt_text":"","src":"https:\/\/i0.wp.com\/caen-yacht-club.com\/web\/wp-content\/uploads\/Affiche-Rallye-Croisiere_compressed_page-0001-scaled-e1696492062985.jpg?fit=832%2C1200&ssl=1&resize=350%2C200","width":350,"height":200,"srcset":"https:\/\/i0.wp.com\/caen-yacht-club.com\/web\/wp-content\/uploads\/Affiche-Rallye-Croisiere_compressed_page-0001-scaled-e1696492062985.jpg?fit=832%2C1200&ssl=1&resize=350%2C200 1x, https:\/\/i0.wp.com\/caen-yacht-club.com\/web\/wp-content\/uploads\/Affiche-Rallye-Croisiere_compressed_page-0001-scaled-e1696492062985.jpg?fit=832%2C1200&ssl=1&resize=525%2C300 1.5x, https:\/\/i0.wp.com\/caen-yacht-club.com\/web\/wp-content\/uploads\/Affiche-Rallye-Croisiere_compressed_page-0001-scaled-e1696492062985.jpg?fit=832%2C1200&ssl=1&resize=700%2C400 2x"},"classes":[]},{"id":164,"url":"https:\/\/caen-yacht-club.com\/web\/competition\/","url_meta":{"origin":12474,"position":4},"title":"CYC20_R\u00e9gate Comp\u00e9tition","author":"","date":"24 mars 2016","format":false,"excerpt":"Le Caen Yacht Club est labellis\u00e9 Ecole de Comp\u00e9tition par la F\u00e9d\u00e9ration Fran\u00e7aise de voile Vous disposez d\u00e9j\u00e0 d'une exp\u00e9rience et vous souhaitez passer au niveau sup\u00e9rieur en participant \u00e0 des r\u00e9gates. Nous vous proposons de vous entra\u00eener lors de cr\u00e9neaux sp\u00e9cifiques, afin de ma\u00eetriser les diff\u00e9rents postes et man\u0153uvres.\u2026","rel":"","context":"Article similaire","block_context":{"text":"Article similaire","link":""},"img":{"alt_text":"","src":"","width":0,"height":0},"classes":[]},{"id":3267,"url":"https:\/\/caen-yacht-club.com\/web\/__trashed\/","url_meta":{"origin":12474,"position":5},"title":"Mentions l\u00e9gales","author":"","date":"19 octobre 2022","format":false,"excerpt":"PR\u00c9SENTATION DU SITE En vertu de l\u2019article 6 de la loi n\u00b0 2004-575 du 21 juin 2004 pour la confiance dans l\u2019\u00e9conomie num\u00e9rique, il est pr\u00e9cis\u00e9 aux utilisateurs du site\u00a0https:\/\/caen-yacht-club.com\/web\/ l\u2019identit\u00e9 des diff\u00e9rents intervenants dans le cadre de sa r\u00e9alisation et de son suivi :Propri\u00e9taire : Association Caen Yacht Club\u2026","rel":"","context":"Article similaire","block_context":{"text":"Article similaire","link":""},"img":{"alt_text":"","src":"","width":0,"height":0},"classes":[]}],"_links":{"self":[{"href":"https:\/\/caen-yacht-club.com\/web\/wp-json\/wp\/v2\/pages\/12474","targetHints":{"allow":["GET"]}}],"collection":[{"href":"https:\/\/caen-yacht-club.com\/web\/wp-json\/wp\/v2\/pages"}],"about":[{"href":"https:\/\/caen-yacht-club.com\/web\/wp-json\/wp\/v2\/types\/page"}],"author":[{"embeddable":true,"href":"https:\/\/caen-yacht-club.com\/web\/wp-json\/wp\/v2\/users\/301"}],"replies":[{"embeddable":true,"href":"https:\/\/caen-yacht-club.com\/web\/wp-json\/wp\/v2\/comments?post=12474"}],"version-history":[{"count":24,"href":"https:\/\/caen-yacht-club.com\/web\/wp-json\/wp\/v2\/pages\/12474\/revisions"}],"predecessor-version":[{"id":13868,"href":"https:\/\/caen-yacht-club.com\/web\/wp-json\/wp\/v2\/pages\/12474\/revisions\/13868"}],"wp:featuredmedia":[{"embeddable":true,"href":"https:\/\/caen-yacht-club.com\/web\/wp-json\/wp\/v2\/media\/12343"}],"wp:attachment":[{"href":"https:\/\/caen-yacht-club.com\/web\/wp-json\/wp\/v2\/media?parent=12474"}],"curies":[{"name":"wp","href":"https:\/\/api.w.org\/{rel}","templated":true}]}}